{"id":22,"date":"2025-11-27T11:44:43","date_gmt":"2025-11-27T11:44:43","guid":{"rendered":"http:\/\/localhost\/proves\/webs_wail\/wordpress\/?page_id=22"},"modified":"2025-12-03T09:26:33","modified_gmt":"2025-12-03T09:26:33","slug":"condicions","status":"publish","type":"page","link":"https:\/\/xn--viuelcomerlocal-nmb.cat\/index.php\/condicions\/","title":{"rendered":"Adhesi\u00f3 Ciutadans"},"content":{"rendered":"\n<p>Estimades ve\u00efnes, estimats ve\u00efns,<br>A Pacs del Pened\u00e8s sempre hem tingut clar que la nostra for\u00e7a \u00e9s la nostra gent i el nostre territori. Som un municipi profundament lligat a la terra, al vi i a un teixit productiu que, tot i ser petit, \u00e9s ric, divers i ple d\u2019oportunitats. Cellers, vivers, activitats d\u2019esbarjo i natura, restauraci\u00f3 i la nostra botiga local s\u00f3n un reflex d\u2019una economia arrelada, compromesa i essencial per mantenir viva la identitat del nostre poble.<\/p>\n\n\n\n<p>Tanmateix, tamb\u00e9 som conscients dels reptes que afecten el comer\u00e7 local i la pagesia: els efectes del canvi clim\u00e0tic, la inestabilitat dels preus del ra\u00efm o els canvis en els h\u00e0bits de consum. Davant d\u2019aquest context, des de l\u2019Ajuntament hem assumit el comprom\u00eds de donar suport actiu als nostres establiments i al sector agrari, en coher\u00e8ncia amb el nostre certificat Biosphere i amb els Objectius de Desenvolupament Sostenible, especialment els que promouen el consum responsable i un desenvolupament econ\u00f2mic inclusiu.<\/p>\n\n\n\n<p>\u00c9s per aix\u00f2 que posem en marxa la campanya <strong>\u201cVIU EL COMER\u00c7 LOCAL<\/strong>\u201d, una iniciativa pensada per dinamitzar, refor\u00e7ar i visibilitzar el comer\u00e7 de proximitat de Pacs del Pened\u00e8s.<br>Volem que cada compra que fem al poble sigui tamb\u00e9 una aposta pel nostre futur, un gest de suport al territori i una manera de fer comunitat.<\/p>\n\n\n\n<p>Necessitem els nostres establiments. S\u00f3n els que donen vida al municipi i els que fan possible que viure a Pacs sigui una oportunitat, i no pas un obstacle. I per aix\u00f2 \u00e9s essencial que,<br>entre totes i tots, els fem costat i fem poble.<\/p>\n\n\n\n<p><strong>La targeta amb 100 Pacs: una eina per promocionar el consum local<\/strong><br>Com a part d\u2019aquesta campanya, hem creat una moneda pr\u00f2pia, el Pac, amb el mateix valor que l\u2019euro en els establiments adherits. Cada unitat familiar del municipi que compleixi els requisits podr\u00e0 obtenir una <strong>targeta carregada amb 100 Pacs<\/strong>, que es podran gastar en els comer\u00e7os participants. D\u2019aquesta manera, facilitem i incentivem que tots i totes contribu\u00efm a enfortir el comer\u00e7 local.<\/p>\n\n\n\n<div class=\"wp-block-columns is-layout-flex wp-container-core-columns-is-layout-28f84493 wp-block-columns-is-layout-flex\">\n<div class=\"wp-block-column is-layout-flow wp-block-column-is-layout-flow\">\n<h4 class=\"wp-block-heading\"><strong>Requisits per sol\u00b7licitar la targeta \u201cViu el Comer\u00e7 Local\u201d<\/strong><\/h4>\n\n\n\n<p>Podran demanar-la les persones que compleixin:<br>&#8211; Ser majors de 18 anys<br>&#8211; Estar empadronades a Pacs del Pened\u00e8s amb una antiguitat m\u00ednima de 6 mesos a la<br>data de publicaci\u00f3 de la convocat\u00f2ria (17 de novembre de 2025).<br>&#8211; Nom\u00e9s es pot presentar un formulari per DNI i per domicili \/ unitat familiar.<br>&#8211; Nom\u00e9s es lliurar\u00e0 una targeta per unitat familiar i habitatge d\u2019empadronament.<\/p>\n<\/div>\n\n\n\n<div class=\"wp-block-column is-layout-flow wp-block-column-is-layout-flow\">\n<h4 class=\"wp-block-heading\"><strong>Com fer la sol\u00b7licitud?<\/strong><\/h4>\n\n\n\n<p>Entre l\u2019<strong>1 i el 12 de desembre de 2025<\/strong> (ambd\u00f3s inclosos), caldr\u00e0 presentar el formulari de participaci\u00f3, adjunt en aquesta carta, disponible a la web municipal o a l\u2019OAC, amb les dades seg\u00fcents:<br>&#8211; Nom i cognoms<br>&#8211; DNI<br>&#8211; Adre\u00e7a i barri<br>&#8211; Tel\u00e8fon de contacte<br>&#8211; Correu electr\u00f2nic<br>&#8211; Data de naixement<br>La sol\u00b7licitud es podr\u00e0 presentar mitjan\u00e7ant <strong>inst\u00e0ncia gen\u00e8rica o presencialment a l\u2019OAC.<\/strong><\/p>\n<\/div>\n\n\n\n<div class=\"wp-block-column is-layout-flow wp-block-column-is-layout-flow\">\n<h4 class=\"wp-block-heading\"><strong>Recollida de les targetes<\/strong><\/h4>\n\n\n\n<p class=\"has-text-align-left\">A partir de l\u20191 de gener de 2026 i durant tota la vig\u00e8ncia de la campanya, es podran recollir a l\u2019OAC:<br>&#8211; <strong>De dilluns a divendres, de 9.30 h a 13.30 h, i els dimecres tamb\u00e9 de 16.00 h a 19.00 h.<\/strong><\/p>\n\n\n\n<div class=\"wp-block-columns is-layout-flex wp-container-core-columns-is-layout-28f84493 wp-block-columns-is-layout-flex\">\n<div class=\"wp-block-column is-layout-flow wp-block-column-is-layout-flow\">\n<figure class=\"wp-block-image aligncenter size-large is-resized\"><img loading=\"lazy\" decoding=\"async\" width=\"1024\" height=\"654\" src=\"http:\/\/localhost\/proves\/webs_wail\/wordpress\/wp-content\/uploads\/2025\/12\/pacs-targeta-amb-text-1024x654.jpg\" alt=\"\" class=\"wp-image-203\" style=\"width:302px;height:auto\" srcset=\"https:\/\/xn--viuelcomerlocal-nmb.cat\/wp-content\/uploads\/2025\/12\/pacs-targeta-amb-text-1024x654.jpg 1024w, https:\/\/xn--viuelcomerlocal-nmb.cat\/wp-content\/uploads\/2025\/12\/pacs-targeta-amb-text-300x192.jpg 300w, https:\/\/xn--viuelcomerlocal-nmb.cat\/wp-content\/uploads\/2025\/12\/pacs-targeta-amb-text-768x491.jpg 768w, https:\/\/xn--viuelcomerlocal-nmb.cat\/wp-content\/uploads\/2025\/12\/pacs-targeta-amb-text.jpg 1052w\" sizes=\"auto, (max-width: 1024px) 100vw, 1024px\" \/><\/figure>\n<\/div>\n<\/div>\n<\/div>\n<\/div>\n\n\n\n<div style=\"height:100px\" aria-hidden=\"true\" class=\"wp-block-spacer\"><\/div>\n\n\n\n<div class=\"wp-block-buttons alignwide is-content-justification-center is-layout-flex wp-container-core-buttons-is-layout-a89b3969 wp-block-buttons-is-layout-flex\">\n<div class=\"wp-block-button  animation: pulseGlow 1.8s infinite ease-in-out;\"><a class=\"wp-block-button__link wp-element-button\" href=\"http:\/\/localhost\/proves\/webs_wail\/wordpress\/wp-content\/uploads\/2025\/12\/CARTA-CIUTADANS.pdf\" style=\"border-top-left-radius:9px;border-top-right-radius:9px;border-bottom-left-radius:9px;border-bottom-right-radius:9px\"><strong>M\u00c9S INFORMACI\u00d3<\/strong><\/a><\/div>\n<\/div>\n\n\n\n<p><\/p>\n","protected":false},"excerpt":{"rendered":"<p>Estimades ve\u00efnes, estimats ve\u00efns,A Pacs del Pened\u00e8s sempre hem tingut clar que la nostra for\u00e7a \u00e9s la nostra gent i [&hellip;]<\/p>\n","protected":false},"author":1,"featured_media":0,"parent":0,"menu_order":0,"comment_status":"closed","ping_status":"closed","template":"","meta":{"site-sidebar-layout":"right-sidebar","site-content-layout":"","ast-site-content-layout":"default","site-content-style":"boxed","site-sidebar-style":"unboxed","ast-global-header-display":"","ast-banner-title-visibility":"","ast-main-header-display":"","ast-hfb-above-header-display":"","ast-hfb-below-header-display":"","ast-hfb-mobile-header-display":"","site-post-title":"","ast-breadcrumbs-content":"","ast-featured-img":"","footer-sml-layout":"","theme-transparent-header-meta":"","adv-header-id-meta":"","stick-header-meta":"","header-above-stick-meta":"","header-main-stick-meta":"","header-below-stick-meta":"","astra-migrate-meta-layouts":"default","ast-page-background-enabled":"default","ast-page-background-meta":{"desktop":{"background-color":"var(--ast-global-color-5)","background-image":"","background-repeat":"repeat","background-position":"center center","background-size":"auto","background-attachment":"scroll","background-type":"","background-media":"","overlay-type":"","overlay-color":"","overlay-opacity":"","overlay-gradient":""},"tablet":{"background-color":"","background-image":"","background-repeat":"repeat","background-position":"center center","background-size":"auto","background-attachment":"scroll","background-type":"","background-media":"","overlay-type":"","overlay-color":"","overlay-opacity":"","overlay-gradient":""},"mobile":{"background-color":"","background-image":"","background-repeat":"repeat","background-position":"center center","background-size":"auto","background-attachment":"scroll","background-type":"","background-media":"","overlay-type":"","overlay-color":"","overlay-opacity":"","overlay-gradient":""}},"ast-content-background-meta":{"desktop":{"background-color":"var(--ast-global-color-4)","background-image":"","background-repeat":"repeat","background-position":"center center","background-size":"auto","background-attachment":"scroll","background-type":"","background-media":"","overlay-type":"","overlay-color":"","overlay-opacity":"","overlay-gradient":""},"tablet":{"background-color":"var(--ast-global-color-4)","background-image":"","background-repeat":"repeat","background-position":"center center","background-size":"auto","background-attachment":"scroll","background-type":"","background-media":"","overlay-type":"","overlay-color":"","overlay-opacity":"","overlay-gradient":""},"mobile":{"background-color":"var(--ast-global-color-4)","background-image":"","background-repeat":"repeat","background-position":"center center","background-size":"auto","background-attachment":"scroll","background-type":"","background-media":"","overlay-type":"","overlay-color":"","overlay-opacity":"","overlay-gradient":""}},"footnotes":""},"class_list":["post-22","page","type-page","status-publish","hentry"],"_links":{"self":[{"href":"https:\/\/xn--viuelcomerlocal-nmb.cat\/index.php\/wp-json\/wp\/v2\/pages\/22","targetHints":{"allow":["GET"]}}],"collection":[{"href":"https:\/\/xn--viuelcomerlocal-nmb.cat\/index.php\/wp-json\/wp\/v2\/pages"}],"about":[{"href":"https:\/\/xn--viuelcomerlocal-nmb.cat\/index.php\/wp-json\/wp\/v2\/types\/page"}],"author":[{"embeddable":true,"href":"https:\/\/xn--viuelcomerlocal-nmb.cat\/index.php\/wp-json\/wp\/v2\/users\/1"}],"replies":[{"embeddable":true,"href":"https:\/\/xn--viuelcomerlocal-nmb.cat\/index.php\/wp-json\/wp\/v2\/comments?post=22"}],"version-history":[{"count":33,"href":"https:\/\/xn--viuelcomerlocal-nmb.cat\/index.php\/wp-json\/wp\/v2\/pages\/22\/revisions"}],"predecessor-version":[{"id":295,"href":"https:\/\/xn--viuelcomerlocal-nmb.cat\/index.php\/wp-json\/wp\/v2\/pages\/22\/revisions\/295"}],"wp:attachment":[{"href":"https:\/\/xn--viuelcomerlocal-nmb.cat\/index.php\/wp-json\/wp\/v2\/media?parent=22"}],"curies":[{"name":"wp","href":"https:\/\/api.w.org\/{rel}","templated":true}]}}