{"id":356,"date":"2025-12-03T12:18:01","date_gmt":"2025-12-03T12:18:01","guid":{"rendered":"http:\/\/lovic1.noip.me\/pacs_web\/?page_id=356"},"modified":"2026-04-03T07:53:41","modified_gmt":"2026-04-03T07:53:41","slug":"noticies","status":"publish","type":"page","link":"https:\/\/xn--viuelcomerlocal-nmb.cat\/index.php\/noticies\/","title":{"rendered":"Noticies"},"content":{"rendered":"\n<figure class=\"wp-block-image size-full\"><img loading=\"lazy\" decoding=\"async\" width=\"254\" height=\"77\" src=\"https:\/\/xn--viuelcomerlocal-nmb.cat\/wp-content\/uploads\/2025\/12\/imagen-14-edited.png\" alt=\"\" class=\"wp-image-621\"\/><figcaption class=\"wp-element-caption\">Economia &#8211; 27 Novembre 2025 <a href=\"https:\/\/elcargol.com\/index.php\/economia\/pacs-del-penedes-engega-la-campanya-viu-el-comerc-local-per-dinamitzar-leconomia-de-proximitat\" target=\"_blank\" rel=\"noreferrer noopener\">Pacs del Pened\u00e8s engega la campanya \u201cViu el comer\u00e7 local\u201d per dinamitzar l\u2019economia de proximitat<\/a><\/figcaption><\/figure>\n\n\n\n<figure class=\"wp-block-image size-full\"><img loading=\"lazy\" decoding=\"async\" width=\"205\" height=\"79\" src=\"https:\/\/xn--viuelcomerlocal-nmb.cat\/wp-content\/uploads\/2025\/12\/imagen-16.png\" alt=\"Mediatic\" class=\"wp-image-613\"\/><figcaption class=\"wp-element-caption\"><a href=\"https:\/\/www.mediatic.es\/ca\/projectes\/promocio-del-comerc-local-del-municipi-de-pacs-del-penedes\/\">Promoci\u00f3 del comer\u00e7 local del municipi de Pacs del Pened\u00e8s<\/a><\/figcaption><\/figure>\n\n\n\n<div class=\"wp-block-media-text is-stacked-on-mobile\" style=\"grid-template-columns:21% auto\"><figure class=\"wp-block-media-text__media\"><img loading=\"lazy\" decoding=\"async\" width=\"1024\" height=\"913\" src=\"https:\/\/xn--viuelcomerlocal-nmb.cat\/wp-content\/uploads\/2026\/04\/Imatge-Alcaldessa-i-Anna-Franco-Baiget_V2.png\" alt=\"\" class=\"wp-image-680 size-full\" srcset=\"https:\/\/xn--viuelcomerlocal-nmb.cat\/wp-content\/uploads\/2026\/04\/Imatge-Alcaldessa-i-Anna-Franco-Baiget_V2.png 1024w, https:\/\/xn--viuelcomerlocal-nmb.cat\/wp-content\/uploads\/2026\/04\/Imatge-Alcaldessa-i-Anna-Franco-Baiget_V2-300x267.png 300w, https:\/\/xn--viuelcomerlocal-nmb.cat\/wp-content\/uploads\/2026\/04\/Imatge-Alcaldessa-i-Anna-Franco-Baiget_V2-768x685.png 768w\" sizes=\"auto, (max-width: 1024px) 100vw, 1024px\" \/><\/figure><div class=\"wp-block-media-text__content\">\n<p>Visita de la subdirectora de comer\u00e7 de la Generalitat de Catalunya interessada en el funcionament de la campanya VIU EL COMER\u00c7 LOCAL <\/p>\n\n\n\n<p><a href=\"https:\/\/www.pacsdelpenedes.cat\/actualitat\/noticies\/visita-institucional-de-la-subdirectora-general-de-comerc-de-la-generalitat-de-catalunya.html\" data-type=\"link\" data-id=\"https:\/\/www.pacsdelpenedes.cat\/actualitat\/noticies\/visita-institucional-de-la-subdirectora-general-de-comerc-de-la-generalitat-de-catalunya.html\" target=\"_blank\" rel=\"noreferrer noopener\">+ info<\/a><\/p>\n\n\n<a class=\"wp-block-read-more\" href=\"https:\/\/xn--viuelcomerlocal-nmb.cat\/index.php\/noticies\/\" target=\"_blank\">Leer m\u00e1s<span class=\"screen-reader-text\">: Noticies<\/span><\/a><\/div><\/div>\n\n\n\n<div class=\"wp-block-media-text has-media-on-the-right is-stacked-on-mobile\" style=\"grid-template-columns:auto 42%\"><div class=\"wp-block-media-text__content\">\n<p>El 9 de Gener de 2026 amb la visita del Conseller d&#8217;empresa i treball Sr. Miquel Samper a l&#8217;Ajuntament de Pacs del Pened\u00e8s, es va presentar la Campanya \u00abViu el Comer\u00e7 Local\u00bb<\/p>\n<\/div><figure class=\"wp-block-media-text__media\"><img loading=\"lazy\" decoding=\"async\" width=\"1024\" height=\"563\" src=\"https:\/\/xn--viuelcomerlocal-nmb.cat\/wp-content\/uploads\/2026\/04\/pressentacio_Conseller_Samper-1024x563.png\" alt=\"\" class=\"wp-image-681 size-full\" srcset=\"https:\/\/xn--viuelcomerlocal-nmb.cat\/wp-content\/uploads\/2026\/04\/pressentacio_Conseller_Samper-1024x563.png 1024w, https:\/\/xn--viuelcomerlocal-nmb.cat\/wp-content\/uploads\/2026\/04\/pressentacio_Conseller_Samper-300x165.png 300w, https:\/\/xn--viuelcomerlocal-nmb.cat\/wp-content\/uploads\/2026\/04\/pressentacio_Conseller_Samper-768x422.png 768w, https:\/\/xn--viuelcomerlocal-nmb.cat\/wp-content\/uploads\/2026\/04\/pressentacio_Conseller_Samper.png 1439w\" sizes=\"auto, (max-width: 1024px) 100vw, 1024px\" \/><\/figure><\/div>\n\n\n\n<div class=\"wp-block-media-text is-stacked-on-mobile\"><figure class=\"wp-block-media-text__media\"><img loading=\"lazy\" decoding=\"async\" width=\"1024\" height=\"576\" src=\"https:\/\/xn--viuelcomerlocal-nmb.cat\/wp-content\/uploads\/2026\/04\/Lalcaldesa_comenta_campanya_a_etv-terramar_front-1024x576.png\" alt=\"\" class=\"wp-image-682 size-full\" srcset=\"https:\/\/xn--viuelcomerlocal-nmb.cat\/wp-content\/uploads\/2026\/04\/Lalcaldesa_comenta_campanya_a_etv-terramar_front-1024x576.png 1024w, https:\/\/xn--viuelcomerlocal-nmb.cat\/wp-content\/uploads\/2026\/04\/Lalcaldesa_comenta_campanya_a_etv-terramar_front-300x169.png 300w, https:\/\/xn--viuelcomerlocal-nmb.cat\/wp-content\/uploads\/2026\/04\/Lalcaldesa_comenta_campanya_a_etv-terramar_front-768x432.png 768w, https:\/\/xn--viuelcomerlocal-nmb.cat\/wp-content\/uploads\/2026\/04\/Lalcaldesa_comenta_campanya_a_etv-terramar_front-1536x864.png 1536w, https:\/\/xn--viuelcomerlocal-nmb.cat\/wp-content\/uploads\/2026\/04\/Lalcaldesa_comenta_campanya_a_etv-terramar_front.png 1920w\" sizes=\"auto, (max-width: 1024px) 100vw, 1024px\" \/><\/figure><div class=\"wp-block-media-text__content\">\n<p>L&#8217;Alcaldessa comenta el seguiment de la campanya VIU EL COMER\u00c7 LOCAL en el programa l&#8217;Ull al Dia de ETV &#8211; Terramar <\/p>\n\n\n\n<p><a href=\"https:\/\/youtu.be\/pxT6Io9L5dI?si=_dXUoc3XEyHm8XY4&amp;t=910\" data-type=\"link\" data-id=\"https:\/\/youtu.be\/pxT6Io9L5dI?si=_dXUoc3XEyHm8XY4&amp;t=910\" target=\"_blank\" rel=\"noreferrer noopener\">+ info<\/a><\/p>\n<\/div><\/div>\n\n\n\n<p><\/p>\n\n\n\n<div class=\"wp-block-media-text is-stacked-on-mobile\"><figure class=\"wp-block-media-text__media\"><img loading=\"lazy\" decoding=\"async\" width=\"1024\" height=\"768\" src=\"https:\/\/xn--viuelcomerlocal-nmb.cat\/wp-content\/uploads\/2026\/04\/IMG_3933-1024x768.jpeg\" alt=\"\" class=\"wp-image-684 size-full\" srcset=\"https:\/\/xn--viuelcomerlocal-nmb.cat\/wp-content\/uploads\/2026\/04\/IMG_3933-1024x768.jpeg 1024w, https:\/\/xn--viuelcomerlocal-nmb.cat\/wp-content\/uploads\/2026\/04\/IMG_3933-300x225.jpeg 300w, https:\/\/xn--viuelcomerlocal-nmb.cat\/wp-content\/uploads\/2026\/04\/IMG_3933-768x576.jpeg 768w, https:\/\/xn--viuelcomerlocal-nmb.cat\/wp-content\/uploads\/2026\/04\/IMG_3933-1536x1152.jpeg 1536w, https:\/\/xn--viuelcomerlocal-nmb.cat\/wp-content\/uploads\/2026\/04\/IMG_3933-2048x1536.jpeg 2048w\" sizes=\"auto, (max-width: 1024px) 100vw, 1024px\" \/><\/figure><div class=\"wp-block-media-text__content\">\n<p>El 27 de Febrer es presenta la Campanya Viu el Comer\u00e7 Local als responsables de comer\u00e7 de la Diputaci\u00f3 de Barcelona, i s&#8217;analitza el seguiment i l&#8217;\u00e8xit que est\u00e0 assolint la campanya.  <\/p>\n<\/div><\/div>\n\n\n\n<div class=\"wp-block-media-text is-stacked-on-mobile\" style=\"grid-template-columns:32% auto\"><figure class=\"wp-block-media-text__media\"><img loading=\"lazy\" decoding=\"async\" width=\"254\" height=\"77\" src=\"https:\/\/xn--viuelcomerlocal-nmb.cat\/wp-content\/uploads\/2025\/12\/imagen-14-edited.png\" alt=\"\" class=\"wp-image-621 size-full\"\/><\/figure><div class=\"wp-block-media-text__content\">\n<p><\/p>\n\n\n\n<p>Ja estem a 2 de Mar\u00e7, portem 60 dies  de campanya i  ja hem superat les 290 operacions de venda amb m\u00e9s de 9.000 Pacs distribu\u00efts entre el comer\u00e7 local! <\/p>\n\n\n\n<p>TOT UN \u00c8XIT !.<\/p>\n\n\n\n<p>Not\u00edcia de \u00abel Cargol\u00bb   <a href=\"https:\/\/elcargol.com\/index.php\/societat\/la-campanya-viu-el-comerc-local-de-pacs-del-penedes-supera-les-290-compres\" target=\"_blank\" rel=\"noreferrer noopener\">+ info<\/a> <\/p>\n<\/div><\/div>\n\n\n\n<p><\/p>\n","protected":false},"excerpt":{"rendered":"<p>El 9 de Gener de 2026 amb la visita del Conseller d&#8217;empresa i treball Sr. Miquel Samper a l&#8217;Ajuntament de [&hellip;]<\/p>\n","protected":false},"author":1,"featured_media":0,"parent":0,"menu_order":0,"comment_status":"closed","ping_status":"closed","template":"","meta":{"site-sidebar-layout":"default","site-content-layout":"","ast-site-content-layout":"default","site-content-style":"default","site-sidebar-style":"default","ast-global-header-display":"","ast-banner-title-visibility":"","ast-main-header-display":"","ast-hfb-above-header-display":"","ast-hfb-below-header-display":"","ast-hfb-mobile-header-display":"","site-post-title":"","ast-breadcrumbs-content":"","ast-featured-img":"","footer-sml-layout":"","theme-transparent-header-meta":"","adv-header-id-meta":"","stick-header-meta":"","header-above-stick-meta":"","header-main-stick-meta":"","header-below-stick-meta":"","astra-migrate-meta-layouts":"default","ast-page-background-enabled":"default","ast-page-background-meta":{"desktop":{"background-color":"var(--ast-global-color-5)","background-image":"","background-repeat":"repeat","background-position":"center center","background-size":"auto","background-attachment":"scroll","background-type":"","background-media":"","overlay-type":"","overlay-color":"","overlay-opacity":"","overlay-gradient":""},"tablet":{"background-color":"","background-image":"","background-repeat":"repeat","background-position":"center center","background-size":"auto","background-attachment":"scroll","background-type":"","background-media":"","overlay-type":"","overlay-color":"","overlay-opacity":"","overlay-gradient":""},"mobile":{"background-color":"","background-image":"","background-repeat":"repeat","background-position":"center center","background-size":"auto","background-attachment":"scroll","background-type":"","background-media":"","overlay-type":"","overlay-color":"","overlay-opacity":"","overlay-gradient":""}},"ast-content-background-meta":{"desktop":{"background-color":"var(--ast-global-color-4)","background-image":"","background-repeat":"repeat","background-position":"center center","background-size":"auto","background-attachment":"scroll","background-type":"","background-media":"","overlay-type":"","overlay-color":"","overlay-opacity":"","overlay-gradient":""},"tablet":{"background-color":"var(--ast-global-color-4)","background-image":"","background-repeat":"repeat","background-position":"center center","background-size":"auto","background-attachment":"scroll","background-type":"","background-media":"","overlay-type":"","overlay-color":"","overlay-opacity":"","overlay-gradient":""},"mobile":{"background-color":"var(--ast-global-color-4)","background-image":"","background-repeat":"repeat","background-position":"center center","background-size":"auto","background-attachment":"scroll","background-type":"","background-media":"","overlay-type":"","overlay-color":"","overlay-opacity":"","overlay-gradient":""}},"footnotes":""},"class_list":["post-356","page","type-page","status-publish","hentry"],"_links":{"self":[{"href":"https:\/\/xn--viuelcomerlocal-nmb.cat\/index.php\/wp-json\/wp\/v2\/pages\/356","targetHints":{"allow":["GET"]}}],"collection":[{"href":"https:\/\/xn--viuelcomerlocal-nmb.cat\/index.php\/wp-json\/wp\/v2\/pages"}],"about":[{"href":"https:\/\/xn--viuelcomerlocal-nmb.cat\/index.php\/wp-json\/wp\/v2\/types\/page"}],"author":[{"embeddable":true,"href":"https:\/\/xn--viuelcomerlocal-nmb.cat\/index.php\/wp-json\/wp\/v2\/users\/1"}],"replies":[{"embeddable":true,"href":"https:\/\/xn--viuelcomerlocal-nmb.cat\/index.php\/wp-json\/wp\/v2\/comments?post=356"}],"version-history":[{"count":12,"href":"https:\/\/xn--viuelcomerlocal-nmb.cat\/index.php\/wp-json\/wp\/v2\/pages\/356\/revisions"}],"predecessor-version":[{"id":688,"href":"https:\/\/xn--viuelcomerlocal-nmb.cat\/index.php\/wp-json\/wp\/v2\/pages\/356\/revisions\/688"}],"wp:attachment":[{"href":"https:\/\/xn--viuelcomerlocal-nmb.cat\/index.php\/wp-json\/wp\/v2\/media?parent=356"}],"curies":[{"name":"wp","href":"https:\/\/api.w.org\/{rel}","templated":true}]}}