{"id":372,"date":"2025-12-03T12:23:36","date_gmt":"2025-12-03T12:23:36","guid":{"rendered":"http:\/\/lovic1.noip.me\/pacs_web\/?page_id=372"},"modified":"2025-12-09T08:01:01","modified_gmt":"2025-12-09T08:01:01","slug":"avis-legal","status":"publish","type":"page","link":"https:\/\/xn--viuelcomerlocal-nmb.cat\/index.php\/avis-legal\/","title":{"rendered":"Av\u00eds Legal"},"content":{"rendered":"\n<div style=\"height:100px\" aria-hidden=\"true\" class=\"wp-block-spacer\"><\/div>\n\n\n\n<h1 class=\"wp-block-heading\" id=\"title0\">Av\u00eds legal<\/h1>\n\n\n\n<p>Enlla\u00e7a a l&#8217;<a href=\"https:\/\/www.pacsdelpenedes.cat\/altres-continguts\/avis-legal#titular\">av\u00eds legal<\/a> de la web de l\u2019<strong>Ajuntament de Pacs del Pened\u00e8s<\/strong>.<\/p>\n\n\n\n<p>Tecnolog\u00edes inform\u00e0tiques de control medioambiental (Mediatic) Mant\u00e9 aquest portal web amb l&#8217;objectiu de facilitar l\u2019acc\u00e9s a informaci\u00f3 de la campanya<strong> Viu el comer\u00e7 Local  <\/strong>actualitzada i exacta. Intentarem corregir els errors que se\u2019ns indiqui amb la m\u00e0xima celeritat possible. No obstant aix\u00f2, no podem garantir la inexist\u00e8ncia d\u2019errors ni que el contingut de la informaci\u00f3 es trobi permanentment actualitzat.<\/p>\n\n\n\n<p>De conformitat amb el Reglament (UE) 2016\/679 del Parlament Europeu i del Consell, de 27 d\u2019abril de 2016, relatiu a la protecci\u00f3 de les persones f\u00edsiques pel que fa al tractament de dades personals i a la lliure circulaci\u00f3 d\u2019aquestes dades (RGPD), la Llei org\u00e0nica 3\/2018, de 5 de desembre, de protecci\u00f3 de dades personals i garantia dels drets digitals (LOPDGDD), la Llei 34\/2002, d\u201911 de juliol, de serveis de la societat de la informaci\u00f3 i de comer\u00e7 electr\u00f2nic i la Llei 37\/2007, de 16 de novembre, sobre reutilitzaci\u00f3 de la informaci\u00f3 del sector p\u00fablic, s\u2019informa del seg\u00fcent:<\/p>\n\n\n\n<ul class=\"wp-block-list\">\n<li><a href=\"#titular\" data-type=\"internal\" data-id=\"#titular\">Titularitat de la p\u00e0gina web<\/a><\/li>\n\n\n\n<li><a href=\"#continguts\">Propietat dels continguts<\/a><\/li>\n\n\n\n<li><a href=\"#links\">Refer\u00e8ncies i enlla\u00e7os a webs d\u2019altres organitzacions<\/a><\/li>\n\n\n\n<li><a href=\"#cookies\">Advertiment sobre la utilitzaci\u00f3 de galetes (cookies)<\/a><\/li>\n\n\n\n<li><a href=\"https:\/\/www.pacsdelpenedes.cat\/altres-continguts\/proteccio-de-dades\" target=\"_blank\">Protecci\u00f3 de dades de car\u00e0cter personal\u200b<\/a><\/li>\n<\/ul>\n\n\n\n<h2 class=\"wp-block-heading\"><a name=\"titular\"><\/a>Titularitat de la p\u00e0gina web<\/h2>\n\n\n\n<ul class=\"wp-block-list\">\n<li>Domini: <strong>www.viuelcomer\u00e7local.cat<\/strong><\/li>\n\n\n\n<li>Titular: <strong>Tecnolog\u00edes inform\u00e0ticas de control medioambiental SL (Mediatic) <\/strong><\/li>\n\n\n\n<li>Adre\u00e7a: <strong>Passeig de Bellresguard, 12.<\/strong> <strong>08320 El Masnou<\/strong>, Barcelona.<\/li>\n\n\n\n<li>Tel\u00e8fon: <strong>931 191 762<\/strong><\/li>\n\n\n\n<li>Adre\u00e7a electr\u00f2nica: <strong><a href=\"mailto:pacs@pacsdelpenedes.cat\">mediatic@mediatic.es<\/a><\/strong><\/li>\n<\/ul>\n\n\n\n<h2 class=\"wp-block-heading\" id=\"marcador2\"><a name=\"continguts\"><\/a>Propietat intel\u00b7lectual i industrial <\/h2>\n\n\n\n<p>Aquest web i tots els seus continguts, inclosos els textos, els documents, les fotografies, els dibuixos, les representacions gr\u00e0fiques, les bases de dades, els programes inform\u00e0tics, aix\u00ed com els logotips, les marques, els noms comercials i altres signes distintius, s\u00f3n propietat de Tecnologias inform\u00e1ticas de control medioambiental SL (En endavant Mediatic), de l&#8217;Ajuntament de Pacs del Pened\u00e8s o de tercers que l\u2019han autoritzada per al seu \u00fas, o hi s\u00f3n especialment citats.<\/p>\n\n\n\n<p>El lloc web, incloent-hi, a t\u00edtol enunciatiu per\u00f2 no limitador, la seva programaci\u00f3, edici\u00f3, compilaci\u00f3 i la resta d\u2019elements necessaris per al seu funcionament, els dissenys, logotips, fotografies, text i\/o gr\u00e0fics, s\u00f3n propietat de la Mediatic o de l&#8217;Ajuntament de Pacs del Pened\u00e8s o, si s\u2019escau, disposa de llic\u00e8ncia o autoritzaci\u00f3 expressa per part dels autors. Tots els continguts del lloc web es troben degudament protegits per la normativa de propietat intel\u00b7lectual i\/o industrial.<\/p>\n\n\n\n<p>Independentment de la finalitat per a la qual fossin destinats els esmentats continguts, la seva reproducci\u00f3 total o parcial, \u00fas, explotaci\u00f3, distribuci\u00f3 i comercialitzaci\u00f3, requereix, en tot cas, de l\u2019autoritzaci\u00f3 escrita pr\u00e8via per part de l&#8217;Ajuntament de Pacs del Pened\u00e8s o de Mediatic o del seus propietaris citats en aquest web. Qualsevol \u00fas no autoritzat pr\u00e8viament, per part dels propietaris, ser\u00e0 considerat un incompliment greu dels drets de propietat intel\u00b7lectual o industrial de l\u2019autor, aix\u00ed com el dret a la intimitat i la mateixa imatge de les persones que hi puguin apar\u00e8ixer.<\/p>\n\n\n\n<p>Els dissenys, logotips, text, fotografies i\/o gr\u00e0fics, aliens a Mediatic i que poguessin apar\u00e8ixer al lloc web, pertanyen als seus respectius propietaris sent, ells mateixos, responsables de qualsevol possible controv\u00e8rsia que es pogu\u00e9s suscitar, al respecte. En tot cas, la Mediatic, via l&#8217;Ajuntament de Pacs del Pened\u00e8s, compta amb l\u2019autoritzaci\u00f3 expressa i pr\u00e8via, per part dels autors, per la seva publicaci\u00f3.<\/p>\n\n\n\n<p>L\u2019usuari i\/o visitant del lloc web es compromet a respectar aquests drets i, en conseq\u00fc\u00e8ncia, a no copiar, reproduir, modificar, distribuir, transmetre, publicar, exhibir o representar cap dels seus continguts, sense haver estat pr\u00e8viament autoritzat, de forma expressa i per escrit, per la Cambra. A m\u00e9s a m\u00e9s, es compromet a no fer cap altra activitat que pogu\u00e9s infringir els drets de propietat intel\u00b7lectual de Mediatic, col\u00b7laboradors, patrocinadors o tercers.<\/p>\n\n\n\n<p>Mediatic podr\u00e0 impedir la publicaci\u00f3 d\u2019un determinat contingut, o eliminar-ho del portal, en cas que consideri que pot existir alguna vulneraci\u00f3 de la legalitat vigent, dels drets de tercers o reb\u00e9s alguna comunicaci\u00f3, en aquest sentit. La indicada retirada no donar\u00e0 lloc a la percepci\u00f3 d\u2019indemnitzaci\u00f3 de cap mena.<\/p>\n\n\n\n<p>Per realitzar qualsevol mena d\u2019observaci\u00f3 o comentari, respecte a possibles incompliments dels drets de propietat intel\u00b7lectual o industrial, aix\u00ed com sobre qualsevol dels continguts del lloc web, pot fer-ho a trav\u00e9s del seg\u00fcent correu electr\u00f2nic: mediatic@mediatic.es. Aquests elements d&#8217;identitat gr\u00e0fica corporativa s\u00f3n propietat exclusiva de l&#8217;<strong>Ajuntament de Pacs del Pened\u00e8s<\/strong> o de Mediatic i estan protegits per la legislaci\u00f3 vigent aplicable.<\/p>\n\n\n\n<h2 class=\"wp-block-heading\" id=\"marcador3\"><a name=\"links\"><\/a>Refer\u00e8ncies i enlla\u00e7os a webs d&#8217;altres organitzacions<\/h2>\n\n\n\n<p>Algunes p\u00e0gines d&#8217;aquest web contenen refer\u00e8ncies o enlla\u00e7os a webs d&#8217;altres organitzacions. La pres\u00e8ncia d&#8217;aquests enlla\u00e7os t\u00e9 una finalitat informativa i no constitueix en cap cas una invitaci\u00f3 a la contractaci\u00f3 de productes o serveis que s&#8217;ofereixin a la p\u00e0gina web de dest\u00ed. L&#8217;<strong>Ajuntament de Pacs del Pened\u00e8s<\/strong> no es responsabilitza ni de l&#8217;exactitud ni de l&#8217;actualitzaci\u00f3 d&#8217;aquests webs externs.<\/p>\n\n\n\n<h2 class=\"wp-block-heading\" id=\"marcador4\"><a name=\"cookies\"><\/a>Advertiment sobre la utilitzaci\u00f3 de galetes (cookies)<\/h2>\n\n\n\n<p>Aquest portal web fa \u00fas de galetes (cookies), arxius de text ubicats a l&#8217;ordinador de l&#8217;usuari, per tal d&#8217;ajudar el lloc web a analitzar l&#8217;\u00fas que els usuaris en fan, per al correcte funcionament i visualitzaci\u00f3 dels continguts publicats, aix\u00ed com tamb\u00e9 per a la recollida d&#8217;estad\u00edstiques.<\/p>\n\n\n\n<p>Per la recollida d&#8217;estad\u00edstiques es fa \u00fas de Google Analytics. La informaci\u00f3 que generen les galetes (incloent-hi l&#8217;adre\u00e7a IP) \u00e9s directament transmesa i arxivada per Google als servidors del lloc web. Per tal d&#8217;impedir aquesta recollida de l&#8217;adre\u00e7a IP, l&#8217;Ajuntament t\u00e9 activada l&#8217;opci\u00f3 \u00abAnonymize IP\u00bb, que porta incorporada el propi sistema i que emmascara els tres darrers d\u00edgits de l&#8217;adre\u00e7a IP, de manera que l&#8217;anonimitza posant-los a 0.<\/p>\n\n\n\n<p>Aquest portal incorpora ginys de serveis de tercers i enlla\u00e7os a llocs web de tercers, les pol\u00edtiques de privacitat dels quals s\u00f3n alienes a les de l&#8217;Ajuntament. A l&#8217;accedir a aquells llocs, podeu decidir si accepteu les seves pol\u00edtiques de privacitat i de cookies. Amb car\u00e0cter general, si navegueu per Internet podeu acceptar o rebutjar les cookies de tercers des de les opcions de configuraci\u00f3 del vostre navegador. A cada navegador, l&#8217;operativa \u00e9s diferent (la funci\u00f3 \u00abAjuda\u00bb us mostrar\u00e0 com fer-ho).<\/p>\n\n\n\n<p>Podeu consultar les condicions de privacitat als enlla\u00e7os seg\u00fcents:<\/p>\n\n\n\n<ul class=\"wp-block-list\">\n<li><a href=\"https:\/\/policies.google.com\/privacy?hl=ca\" target=\"_blank\" rel=\"noreferrer noopener\">Condicions de privacitat de Google Analytics<\/a><\/li>\n\n\n\n<li><a href=\"https:\/\/twitter.com\/privacy\" target=\"_blank\" rel=\"noreferrer noopener\">Condicions de privacitat de Twitter<\/a><\/li>\n\n\n\n<li><a href=\"https:\/\/www.facebook.com\/about\/privacy\/your-info-on-other\" target=\"_blank\" rel=\"noreferrer noopener\">Condicions de privacitat de Facebook<\/a><\/li>\n\n\n\n<li><a href=\"https:\/\/instagram.com\/about\/legal\/privacy\/\" target=\"_blank\" rel=\"noreferrer noopener\">Condicions de privacitat d&#8217;Instagram<\/a><\/li>\n\n\n\n<li><a href=\"https:\/\/www.linkedin.com\/legal\/privacy-policy\" target=\"_blank\" rel=\"noreferrer noopener\">Condicions de privacitat de Linkedin<\/a><\/li>\n<\/ul>\n\n\n\n<p>Podeu consultar les condicions de les cookies als enlla\u00e7os seg\u00fcents:<\/p>\n\n\n\n<ul class=\"wp-block-list\">\n<li><a href=\"https:\/\/www.google.com\/policies\/technologies\/types\/\" target=\"_blank\" rel=\"noreferrer noopener\">Condicions de les cookies de Google<\/a><\/li>\n\n\n\n<li><a href=\"https:\/\/www.google.es\/intl\/es\/policies\/technologies\/cookies\/\" target=\"_blank\" rel=\"noreferrer noopener\">Condicions de les cookies de Youtube<\/a><\/li>\n\n\n\n<li><a href=\"https:\/\/es-es.facebook.com\/help\/cookies\" target=\"_blank\" rel=\"noreferrer noopener\">Condicions de les cookies de Facebook<\/a><\/li>\n\n\n\n<li><a href=\"https:\/\/www.linkedin.com\/legal\/cookie-policy\" target=\"_blank\" rel=\"noreferrer noopener\">Condicions de les cookies de Linkedin<\/a><\/li>\n<\/ul>\n\n\n\n<p>Si malgrat tot voleu desactivar les galetes que recullen la informaci\u00f3, podeu rebutjar-ne l&#8217;\u00fas per mitj\u00e0 de la selecci\u00f3 de la configuraci\u00f3 apropiada del vostre navegador. No obstant aix\u00f2, heu de saber que, si ho feu, pot ser que no pugueu fer \u00fas de totes les funcionalitats d&#8217;aquest lloc web. En utilitzar el lloc web, consentiu el tractament de les vostres dades en la forma i per a les finalitats indicades m\u00e9s amunt.<\/p>\n","protected":false},"excerpt":{"rendered":"<p>Av\u00eds legal Enlla\u00e7a a l&#8217;av\u00eds legal de la web de l\u2019Ajuntament de Pacs del Pened\u00e8s. Tecnolog\u00edes inform\u00e0tiques de control medioambiental [&hellip;]<\/p>\n","protected":false},"author":1,"featured_media":0,"parent":0,"menu_order":0,"comment_status":"closed","ping_status":"closed","template":"","meta":{"site-sidebar-layout":"default","site-content-layout":"","ast-site-content-layout":"default","site-content-style":"default","site-sidebar-style":"default","ast-global-header-display":"","ast-banner-title-visibility":"","ast-main-header-display":"","ast-hfb-above-header-display":"","ast-hfb-below-header-display":"","ast-hfb-mobile-header-display":"","site-post-title":"disabled","ast-breadcrumbs-content":"","ast-featured-img":"","footer-sml-layout":"","theme-transparent-header-meta":"","adv-header-id-meta":"","stick-header-meta":"","header-above-stick-meta":"","header-main-stick-meta":"","header-below-stick-meta":"","astra-migrate-meta-layouts":"default","ast-page-background-enabled":"default","ast-page-background-meta":{"desktop":{"background-color":"var(--ast-global-color-5)","background-image":"","background-repeat":"repeat","background-position":"center center","background-size":"auto","background-attachment":"scroll","background-type":"","background-media":"","overlay-type":"","overlay-color":"","overlay-opacity":"","overlay-gradient":""},"tablet":{"background-color":"","background-image":"","background-repeat":"repeat","background-position":"center center","background-size":"auto","background-attachment":"scroll","background-type":"","background-media":"","overlay-type":"","overlay-color":"","overlay-opacity":"","overlay-gradient":""},"mobile":{"background-color":"","background-image":"","background-repeat":"repeat","background-position":"center center","background-size":"auto","background-attachment":"scroll","background-type":"","background-media":"","overlay-type":"","overlay-color":"","overlay-opacity":"","overlay-gradient":""}},"ast-content-background-meta":{"desktop":{"background-color":"var(--ast-global-color-4)","background-image":"","background-repeat":"repeat","background-position":"center center","background-size":"auto","background-attachment":"scroll","background-type":"","background-media":"","overlay-type":"","overlay-color":"","overlay-opacity":"","overlay-gradient":""},"tablet":{"background-color":"var(--ast-global-color-4)","background-image":"","background-repeat":"repeat","background-position":"center center","background-size":"auto","background-attachment":"scroll","background-type":"","background-media":"","overlay-type":"","overlay-color":"","overlay-opacity":"","overlay-gradient":""},"mobile":{"background-color":"var(--ast-global-color-4)","background-image":"","background-repeat":"repeat","background-position":"center center","background-size":"auto","background-attachment":"scroll","background-type":"","background-media":"","overlay-type":"","overlay-color":"","overlay-opacity":"","overlay-gradient":""}},"footnotes":""},"class_list":["post-372","page","type-page","status-publish","hentry"],"_links":{"self":[{"href":"https:\/\/xn--viuelcomerlocal-nmb.cat\/index.php\/wp-json\/wp\/v2\/pages\/372","targetHints":{"allow":["GET"]}}],"collection":[{"href":"https:\/\/xn--viuelcomerlocal-nmb.cat\/index.php\/wp-json\/wp\/v2\/pages"}],"about":[{"href":"https:\/\/xn--viuelcomerlocal-nmb.cat\/index.php\/wp-json\/wp\/v2\/types\/page"}],"author":[{"embeddable":true,"href":"https:\/\/xn--viuelcomerlocal-nmb.cat\/index.php\/wp-json\/wp\/v2\/users\/1"}],"replies":[{"embeddable":true,"href":"https:\/\/xn--viuelcomerlocal-nmb.cat\/index.php\/wp-json\/wp\/v2\/comments?post=372"}],"version-history":[{"count":8,"href":"https:\/\/xn--viuelcomerlocal-nmb.cat\/index.php\/wp-json\/wp\/v2\/pages\/372\/revisions"}],"predecessor-version":[{"id":593,"href":"https:\/\/xn--viuelcomerlocal-nmb.cat\/index.php\/wp-json\/wp\/v2\/pages\/372\/revisions\/593"}],"wp:attachment":[{"href":"https:\/\/xn--viuelcomerlocal-nmb.cat\/index.php\/wp-json\/wp\/v2\/media?parent=372"}],"curies":[{"name":"wp","href":"https:\/\/api.w.org\/{rel}","templated":true}]}}